 Let o = 33 + -29. Suppose 5*y - 498 = -r*k, -4*k + o*y = -6*k + 246. What is the hundreds digit of k?
1
Let g(w) = -w**3 - 5*w**2 - 7*w - 129. What is the tens digit of g(-9)?
5
Suppose -180*l = -487922 - 496138. What is the tens digit of l?
6
Suppose -2*h - b = -77075, 3*h - 115600 = -61*b + 62*b. What is the units digit of h?
5
Let o = 37 + -49. Let z(c) = c + 17. Let d be z(o). Suppose 3*l = -2*u + 19, 4*u - 7*l + d*l - 14 = 0. What is the units digit of u?
5
Let u(o) = -636*o**3 - 2*o**2 - 3*o - 1. Suppose 3 = -2*n - 2*b + 5, 0 = 4*n - 4*b + 12. What is the tens digit of u(n)?
3
Suppose z = 2*m - 3*m, -5*m = -3*z - 32. Suppose 30 = m*p - 78. Suppose -31*j + 44 = -p*j. What is the tens digit of j?
1
Let c(j) = -576*j + 48065. What is the units digit of c(0)?
5
Suppose 5*a = 13*a - 816. Suppose 5*w + a = 2337. What is the units digit of w?
7
What is the hundreds digit of -260 + 35449 + (3 - 18)?
1
What is the tens digit of ((-4904)/(-6))/(1662/234 - 7)?
6
What is the tens digit of (20/140 - (-114)/(-14)) + 512?
0
Let n(c) = 32*c - 98. Let r(s) = -11*s + 32. Let x(t) = 6*n(t) + 21*r(t). What is the tens digit of x(-6)?
1
Suppose 5*x + 3*x - 288 = 0. Suppose 4*y - 74 = 2*i, -y + 0*i + 4*i = -x. What is the tens digit of (9 - y)*54*(-2)/14?
5
Let f be (-4)/6*(8 - (-57)/(-6)). What is the units digit of (2*f)/((-37)/(-28675))?
0
Let l = -39 + 43. Suppose -4*r + 4 = -l. What is the tens digit of r - -54 - (-6)/2?
5
Suppose 14*g - 17*g = 360. Let c = g + 120. Suppose -v + 3 = c, 0*v - 1300 = -5*m - 5*v. What is the hundreds digit of m?
2
Suppose -28*g + 21*g + 21 = 0. Suppose -h + 1598 = 4*y - 1673, g*y - 4*h = 2439. What is the tens digit of y?
1
Suppose -1676 - 96172 = -81*p. What is the hundreds digit of p?
2
Let t = 2704 + 3207. What is the hundreds digit of t?
9
What is the hundreds digit of (155/(-50) - -3) + (474008/80 - -5)?
9
Let b = 94 - 89. Suppose b*m - 6 = -4*n + 38, 5*n + m - 55 = 0. Suppose 5*r - n*r = -612. What is the tens digit of r?
0
Let b(z) = 13*z**2 + 4*z + 57. Let h(l) = -l**3 + 26*l**2 + 57*l - 19. Let c be h(28). What is the units digit of b(c)?
6
Let i = 2534 - 1297. Suppose -3*y + i = -2*a, a - 2 + 1 = 0. What is the hundreds digit of y?
4
Let f(l) = 5*l**2 + 25*l + 74. Let q be f(-11). Let d = 563 - q. What is the hundreds digit of d?
1
Let y be ((-6)/4)/((-3)/(-16)). Let l be -4 - (y + (-3 - -7)). Suppose -2*u - 2*u + 176 = l. What is the tens digit of u?
4
Suppose -7*a = -702 - 558. What is the tens digit of (-162)/a*(-8)/(-6)*-450?
4
Suppose -19*u - 78 = 36. Let b(k) = -k**2 - 8*k - 16. Let h(f) = -f**2 - 7*f - 15. Let t(n) = 3*b(n) - 2*h(n). What is the units digit of t(u)?
6
Let q be (-135)/(-30)*(-2)/(-3). Let t be q - (2 + 0 + 7 - 1). Let x(j) = -2*j**3 - 3*j**2 - 6*j - 15. What is the hundreds digit of x(t)?
1
Let z be 33 - (-5)/((-20)/(-16)). Let k = 40 - z. What is the units digit of 447/k + 0 + -5 + 8?
2
Let l be (-2)/(-3) - (-29)/87. What is the tens digit of 206 + l/(1 - 0)?
0
Suppose -5*q + 3335 = 3*r, -4*r - 5*q + 3704 + 751 = 0. Let x = r - 222. What is the hundreds digit of x?
8
Let d(f) = 9 - 5*f**2 - 42*f**3 + 1 + 32*f**3 + 5*f. What is the hundreds digit of d(-3)?
2
Let o be 15/(7 + -6 + 0). What is the tens digit of (1174/5)/(o/75)?
7
Let w(h) = -11*h - 13*h - 2 + 11. What is the tens digit of w(-13)?
2
Let j be (18246/15)/(52/(-130)). Let z = -1644 - j. What is the units digit of z?
7
Suppose 4*n + 22365 = -5*q - 29620, 5*n - 2*q = -65006. Let j = 8220 + n. What is the hundreds digit of 2/(-12) + 8/((-192)/j)?
1
Suppose -101*m = -m - 1603100. What is the tens digit of m?
3
Let s = 8 - 10. Let p be 2/4*((2 - s) + 28). Suppose -4*j - 1 = -3*l, -j + p = 4*j + 2*l. What is the units digit of j?
2
Let k(w) = -207*w**2 - 9*w + 10. Let j be k(2). Let n = j + 1227. What is the units digit of n?
1
Let s(h) = 399*h - 2*h**2 - 388*h + 8 + 3*h**3 - 14. What is the thousands digit of s(8)?
1
Suppose 2 - 12 = 5*m. Let k(g) = 124*g**2 + 5*g + 12. What is the hundreds digit of k(m)?
4
Let t(u) = -u**2 - 18*u. Let f(b) = 12*b**2 - 2*b**2 - 12*b - 8 + 3*b - 2*b**3 + b**3. Let p be f(9). What is the tens digit of t(p)?
8
Suppose -741860 - 412462 = -26*n. What is the tens digit of n?
9
Let l(u) = 78*u - 105. Suppose -209 = -3*g - 16*g. What is the tens digit of l(g)?
5
Suppose -3*j = -3*q - 97977, 4*j - 125437 - 5185 = -3*q. What is the thousands digit of j?
2
Let j(o) be the first derivative of 4*o**2 + 5*o - 146. Suppose 5 = a - 0. What is the tens digit of j(a)?
4
Suppose t = -3*y + 11, 2*y - y - 27 = -5*t. Suppose a = -2*p + 1249, -8*a - 6209 = -13*a + y*p. What is the tens digit of a?
4
Suppose -o = -11 - 9. Let j = o - -210. Let t = -148 + j. What is the tens digit of t?
8
Let p = -37 + 40. Let m be p/7 - (-1713)/21. What is the units digit of -4*(-4)/16*m?
2
Let a(y) = 2*y. Let i be a(-3). Let b be (-3 - (-2)/2) + (i - -11). Suppose 0 = 4*p - b*p - 88. What is the tens digit of p?
8
Let r = 44 + -39. Let b be 0/(4 - (8 + -2)). Suppose 68 = j - n, b*j + j + r*n = 80. What is the tens digit of j?
7
Suppose -8*a - 17*a = 30*a - 490325. What is the thousands digit of a?
8
Let p = 5830 - 4402. What is the tens digit of p?
2
Let y(b) = -97*b**3 + 4*b**2 - 225*b + 1. What is the thousands digit of y(-9)?
3
What is the ten thousands digit of 46/((-3588)/130) + (-39212)/(-3)?
1
Let i = 220 + -211. Suppose 4*j + i*t - 2966 = 10*t, -6 = -3*t. What is the tens digit of j?
4
Let y(k) = 92*k**2 + 26*k - 336. What is the thousands digit of y(9)?
7
Suppose -t = t, 5*t + 10485 = 3*o + 2*o. What is the thousands digit of o?
2
Let s(h) = -7*h - 223. Let n be s(-14). Let q = 157 + n. What is the tens digit of q?
3
Let g = 61161 - 42816. What is the hundreds digit of g?
3
Suppose -2*x - f + 1 = -11, -4*x = -4*f - 12. Suppose 4*d - 15 = -4*n + 9, x*d - 3*n - 46 = 0. Suppose 0*b - d*b = -680. What is the tens digit of b?
8
Let d(u) = -u**3 + 6*u**2 + 8*u - 7. Let h be d(7). Suppose h = 5*g - 0*g - 300. What is the units digit of g?
0
Let w = 18 + 4. Suppose 5*f - 557 = -w. What is the tens digit of f?
0
Let n(s) = 3*s + 80. Let c(v) = v**2 + 24*v + 56. Let a be c(-20). What is the units digit of n(a)?
8
Let g be ((-16)/(-3) + (49 - 55))*-6. Suppose 3*w - 2*d - 1819 + 388 = 0, -g*w + 3*d = -1908. What is the tens digit of w?
7
Let y = -17880 - -28275. What is the thousands digit of y?
0
Let x(g) be the second derivative of -g**4/4 + g**3/6 - g**2/2 + 2*g. Let d be x(-2). What is the tens digit of (-1479)/d + 14/35?
9
Let l(t) be the first derivative of 1/4*t**4 - 1 - 10*t - 9/2*t**2 + t**3. What is the units digit of l(-4)?
0
What is the thousands digit of 28 + -24 + 4/(-3) + (-392010)/(-18)?
1
Let i(b) = -65*b + 5. Let l(k) = -65*k + 3. Let m(d) = -3*i(d) + 4*l(d). What is the units digit of m(-11)?
2
Let v(d) = -d**2 - d + 5. Let l(p) = 2*p**2 + p - 5. Let m(f) = 5*l(f) + 6*v(f). Let j(i) = i**2 - 9*i + 4. Let q be j(9). What is the tens digit of m(q)?
6
Suppose 3*t + 3*x - 173 = 4*t, x + 360 = -2*t. Let r = -255 - t. Let v = 110 + r. What is the units digit of v?
4
Suppose -o + 14 = -2. Let j be (-3)/(-9) - o/12. What is the tens digit of (0 + (-3)/((-3)/j))*-23?
2
Let g(p) = 18*p**2 + 21*p - 310. What is the hundreds digit of g(-21)?
1
Suppose 0 = 3*d + 67 - 73. Suppose -2*v - d = -x, 2*v + 3 = 2*x + 1. Suppose -5*k + 7*p - 3*p + 1178 = x, 0 = 5*k + 4*p - 1162. What is the tens digit of k?
3
What is the units digit of 7841/((20/50)/((-8)/(-10)))?
2
Let i be 3/(-1) - (-35 - 18/(-3)). Suppose -15*f - 143 = -i*f. Let j = f - -61. What is the tens digit of j?
7
Suppose -t - 5*z + 17 = 3*t, 14 = 5*t - z. Suppose -t*a + 1020 = -4*x + x, 0 = -2*a + 4*x + 688. What is the tens digit of a?
3
Let s(r) = 9*r**2 - 44*r - 404. What is the units digit of s(-20)?
6
Let l be (98/28)/(2 + (-23)/12). Suppose 4*a - 11*a = -l. Let i(q) = -q**3 + 8*q**2 + 7*q + 1. What is the units digit of i(a)?
5
Suppose 3*a = 5*p - 808, 181 = 4*p - 2*a - 467. Suppose 114 + 64 = 4*r + 3*o, 4*o + p = 4*r. Suppose 0 = 10*x - 9*x - r. What is the units digit of x?
3
Suppose -54179*t + 160952 = -54148*t. What is the hundreds digit of t?
1
Suppose -4*m - 5*w = -13, -4*m + 6*w = 4*w - 6. Suppose -7*t = -m*t - 10. Suppose 0 = b + 5*l - 89, 178 = t*b - l + 4*l. What 